{"id":472,"date":"2023-03-23T21:28:38","date_gmt":"2023-03-23T21:28:38","guid":{"rendered":"http:\/\/allgaeuer-bauernhofeis.de\/?page_id=472"},"modified":"2026-02-10T08:27:55","modified_gmt":"2026-02-10T08:27:55","slug":"ueber-uns","status":"publish","type":"page","link":"https:\/\/allgaeuer-bauernhofeis.de\/?page_id=472","title":{"rendered":"\u00dcber uns"},"content":{"rendered":"\n<figure class=\"wp-block-image size-full is-resized\"><img data-recalc-dims=\"1\" loading=\"lazy\" decoding=\"async\" width=\"290\" height=\"192\" src=\"https:\/\/i0.wp.com\/allgaeuer-bauernhofeis.de\/wp-content\/uploads\/2023\/10\/5f371a7b-6fcc-4e02-bc09-0cc19e9a8641.jpg?resize=290%2C192&#038;ssl=1\" alt=\"\" class=\"wp-image-993\" style=\"aspect-ratio:1.5104166666666667;width:290px;height:auto\"\/><\/figure>\n\n\n\n<p>Der Hof Riedesser liegt im wundersch\u00f6nen Landschaftsschutzgebiet, oberhalb des Elitzer Sees, in Wangen-Niederwangen im Allg\u00e4u. Wir sind ein Milchviehbetrieb in 4. Generation mit ca. 45 schweizer Braunvieh K\u00fchen, ein paar Fleckvieh Farbtupfer und deren Nachzucht. Unsere Rinder verbringen ihren Sommer auf der Alp nahe Gunzesried und auf unseren Streuobstwiesen und Weiden rund um den Hof.<\/p>\n\n\n\n<figure class=\"wp-block-image size-full\"><img data-recalc-dims=\"1\" loading=\"lazy\" decoding=\"async\" width=\"290\" height=\"192\" src=\"https:\/\/i0.wp.com\/allgaeuer-bauernhofeis.de\/wp-content\/uploads\/2023\/10\/008d4b0c-b3c6-414e-bcc1-00ce6096fe32-1.jpg?resize=290%2C192&#038;ssl=1\" alt=\"\" class=\"wp-image-994\"\/><\/figure>\n\n\n\n<p>Unsere K\u00fche werden eigenst\u00e4ndig, wann sie m\u00f6chten, von unserem Lely-Astronaut Melkroboter gemolken. Dieser unterst\u00fctzt den nat\u00fcrlichen Rhythmus und erm\u00f6glicht ein stressfreies Melken.<\/p>\n\n\n\n<figure class=\"wp-block-image size-full is-resized\"><img data-recalc-dims=\"1\" loading=\"lazy\" decoding=\"async\" width=\"290\" height=\"192\" src=\"https:\/\/i0.wp.com\/allgaeuer-bauernhofeis.de\/wp-content\/uploads\/2023\/10\/3b9a1970-c8f1-446e-beed-bf3aa677f1f7.jpg?resize=290%2C192&#038;ssl=1\" alt=\"\" class=\"wp-image-995\" style=\"aspect-ratio:1.5104166666666667;width:290px;height:auto\"\/><\/figure>\n\n\n\n<figure class=\"wp-block-image size-full\"><img data-recalc-dims=\"1\" loading=\"lazy\" decoding=\"async\" width=\"290\" height=\"192\" src=\"https:\/\/i0.wp.com\/allgaeuer-bauernhofeis.de\/wp-content\/uploads\/2023\/10\/ba3494b7-d0cd-4b0b-b15a-c680578c53b6.jpg?resize=290%2C192&#038;ssl=1\" alt=\"\" class=\"wp-image-996\"\/><\/figure>\n\n\n\n<p>Um diese hochwertige Milch noch mehr wertzusch\u00e4tzen, verarbeiten wir einen Teil davon zu lecker cremigem BAUERNHOF-EIS. <\/p>\n\n\n\n<p><strong>Nat\u00fcrlich-Regional  &#8211;  ALLG\u00c4UER BAUERNHOF-EIS<\/strong><\/p>\n\n\n\n<p>In unseren Produktionsr\u00e4umen wird nach h\u00f6chsten Qualit\u00e4tsstandards -HACCP Konzept- unser BAUERNHOF-EIS hergestellt und von Hand abgef\u00fcllt.<\/p>\n\n\n\n<figure class=\"wp-block-image size-full\"><img data-recalc-dims=\"1\" loading=\"lazy\" decoding=\"async\" width=\"290\" height=\"192\" src=\"https:\/\/i0.wp.com\/allgaeuer-bauernhofeis.de\/wp-content\/uploads\/2023\/10\/2cdfa617-af86-4098-bd4a-0794cc0bfb90-1.jpg?resize=290%2C192&#038;ssl=1\" alt=\"\" class=\"wp-image-992\"\/><\/figure>\n\n\n\n<p><\/p>\n\n\n\n<p><\/p>\n","protected":false},"excerpt":{"rendered":"<p>Der Hof Riedesser liegt im wundersch\u00f6nen Landschaftsschutzgebiet, oberhalb des Elitzer Sees, in Wangen-Niederwangen im Allg\u00e4u. Wir sind ein Milchviehbetrieb in 4. Generation mit ca. 45&#8230;<\/p>\n<div class=\"more-link-wrapper\"><a class=\"more-link\" href=\"https:\/\/allgaeuer-bauernhofeis.de\/?page_id=472\">Weiterlesen<span class=\"screen-reader-text\">\u00dcber uns<\/span><\/a><\/div>\n","protected":false},"author":1,"featured_media":0,"parent":0,"menu_order":0,"comment_status":"closed","ping_status":"closed","template":"","meta":{"footnotes":""},"class_list":["post-472","page","type-page","status-publish","hentry","entry"],"jetpack_sharing_enabled":true,"_links":{"self":[{"href":"https:\/\/allgaeuer-bauernhofeis.de\/index.php?rest_route=\/wp\/v2\/pages\/472","targetHints":{"allow":["GET"]}}],"collection":[{"href":"https:\/\/allgaeuer-bauernhofeis.de\/index.php?rest_route=\/wp\/v2\/pages"}],"about":[{"href":"https:\/\/allgaeuer-bauernhofeis.de\/index.php?rest_route=\/wp\/v2\/types\/page"}],"author":[{"embeddable":true,"href":"https:\/\/allgaeuer-bauernhofeis.de\/index.php?rest_route=\/wp\/v2\/users\/1"}],"replies":[{"embeddable":true,"href":"https:\/\/allgaeuer-bauernhofeis.de\/index.php?rest_route=%2Fwp%2Fv2%2Fcomments&post=472"}],"version-history":[{"count":14,"href":"https:\/\/allgaeuer-bauernhofeis.de\/index.php?rest_route=\/wp\/v2\/pages\/472\/revisions"}],"predecessor-version":[{"id":2120,"href":"https:\/\/allgaeuer-bauernhofeis.de\/index.php?rest_route=\/wp\/v2\/pages\/472\/revisions\/2120"}],"wp:attachment":[{"href":"https:\/\/allgaeuer-bauernhofeis.de\/index.php?rest_route=%2Fwp%2Fv2%2Fmedia&parent=472"}],"curies":[{"name":"wp","href":"https:\/\/api.w.org\/{rel}","templated":true}]}}

Über uns

<figure class="wp-block-image size-full is-resized"><img data-recalc-dims="1" loading="lazy" decoding="async" width="290" height="192" src="https://i0.wp.com/allgaeuer-bauernhofeis.de/wp-content/uploads/2023/10/5f371a7b-6fcc-4e02-bc09-0cc19e9a8641.jpg?resize=290%2C192&#038;ssl=1" alt="" class="wp-image-993" style="aspect-ratio:1.5104166666666667;width:290px;height:auto"/></figure>



<p>Der Hof Riedesser liegt im wunderschönen Landschaftsschutzgebiet, oberhalb des Elitzer Sees, in Wangen-Niederwangen im Allgäu. Wir sind ein Milchviehbetrieb in 4. Generation mit ca. 45 schweizer Braunvieh Kühen, ein paar Fleckvieh Farbtupfer und deren Nachzucht. Unsere Rinder verbringen ihren Sommer auf der Alp nahe Gunzesried und auf unseren Streuobstwiesen und Weiden rund um den Hof.</p>



<figure class="wp-block-image size-full"><img data-recalc-dims="1" loading="lazy" decoding="async" width="290" height="192" src="https://i0.wp.com/allgaeuer-bauernhofeis.de/wp-content/uploads/2023/10/008d4b0c-b3c6-414e-bcc1-00ce6096fe32-1.jpg?resize=290%2C192&#038;ssl=1" alt="" class="wp-image-994"/></figure>



<p>Unsere Kühe werden eigenständig, wann sie möchten, von unserem Lely-Astronaut Melkroboter gemolken. Dieser unterstützt den natürlichen Rhythmus und ermöglicht ein stressfreies Melken.</p>



<figure class="wp-block-image size-full is-resized"><img data-recalc-dims="1" loading="lazy" decoding="async" width="290" height="192" src="https://i0.wp.com/allgaeuer-bauernhofeis.de/wp-content/uploads/2023/10/3b9a1970-c8f1-446e-beed-bf3aa677f1f7.jpg?resize=290%2C192&#038;ssl=1" alt="" class="wp-image-995" style="aspect-ratio:1.5104166666666667;width:290px;height:auto"/></figure>



<figure class="wp-block-image size-full"><img data-recalc-dims="1" loading="lazy" decoding="async" width="290" height="192" src="https://i0.wp.com/allgaeuer-bauernhofeis.de/wp-content/uploads/2023/10/ba3494b7-d0cd-4b0b-b15a-c680578c53b6.jpg?resize=290%2C192&#038;ssl=1" alt="" class="wp-image-996"/></figure>



<p>Um diese hochwertige Milch noch mehr wertzuschätzen, verarbeiten wir einen Teil davon zu lecker cremigem BAUERNHOF-EIS. </p>



<p><strong>Natürlich-Regional  &#8211;  ALLGÄUER BAUERNHOF-EIS</strong></p>



<p>In unseren Produktionsräumen wird nach höchsten Qualitätsstandards -HACCP Konzept- unser BAUERNHOF-EIS hergestellt und von Hand abgefüllt.</p>



<figure class="wp-block-image size-full"><img data-recalc-dims="1" loading="lazy" decoding="async" width="290" height="192" src="https://i0.wp.com/allgaeuer-bauernhofeis.de/wp-content/uploads/2023/10/2cdfa617-af86-4098-bd4a-0794cc0bfb90-1.jpg?resize=290%2C192&#038;ssl=1" alt="" class="wp-image-992"/></figure>



<p></p>



<p></p>

<p>Der Hof Riedesser liegt im wunderschönen Landschaftsschutzgebiet, oberhalb des Elitzer Sees, in Wangen-Niederwangen im Allgäu. Wir sind ein Milchviehbetrieb in 4. Generation mit ca. 45&#8230;</p>
<div class="more-link-wrapper"><a class="more-link" href="https://allgaeuer-bauernhofeis.de/?page_id=472">Weiterlesen<span class="screen-reader-text">Über uns</span></a></div>
