{"id":470,"date":"2023-03-23T21:28:37","date_gmt":"2023-03-23T21:28:37","guid":{"rendered":"http:\/\/allgaeuer-bauernhofeis.de\/?page_id=470"},"modified":"2025-08-11T19:00:37","modified_gmt":"2025-08-11T19:00:37","slug":"bauernhof-eis","status":"publish","type":"page","link":"https:\/\/allgaeuer-bauernhofeis.de\/?page_id=470","title":{"rendered":"BAUERNHOF-EIS"},"content":{"rendered":"<div class=\"wp-block-image\">\n<figure class=\"aligncenter size-full\"><img data-recalc-dims=\"1\" loading=\"lazy\" decoding=\"async\" width=\"290\" height=\"192\" src=\"https:\/\/i0.wp.com\/allgaeuer-bauernhofeis.de\/wp-content\/uploads\/2023\/10\/ff75159b-6e8c-4f86-975d-76e4a063754b-1.jpg?resize=290%2C192&#038;ssl=1\" alt=\"\" class=\"wp-image-1001\"\/><\/figure>\n<\/div>\n\n\n<p><strong>Unser selbstgemachtes Eis besteht aus<\/strong><\/p>\n\n\n\n<p>-frisch gemolkener, hofeigener und genfreier Vollmilch<\/p>\n\n\n\n<p>-m\u00f6glichst regionalen Fr\u00fcchten (saisonal abh\u00e4ngig)<\/p>\n\n\n\n<p>-bio Eigelb aus dem Allg\u00e4u <\/p>\n\n\n\n<p>ohne k\u00fcnstliche Aromen, Bindemittel, Konservierungs- und Farbstoffe sowie sonstigem Schnickschnack. <\/p>\n\n\n\n<figure class=\"wp-block-image size-full is-resized\"><img data-recalc-dims=\"1\" loading=\"lazy\" decoding=\"async\" width=\"290\" height=\"192\" src=\"https:\/\/i0.wp.com\/allgaeuer-bauernhofeis.de\/wp-content\/uploads\/2023\/10\/a54a375f-a999-4557-b158-8e7d23e3e358.jpg?resize=290%2C192&#038;ssl=1\" alt=\"\" class=\"wp-image-1002\" style=\"aspect-ratio:1.5104166666666667;width:157px;height:auto\"\/><\/figure>\n\n\n\n<p>Hergestellt im sch\u00f6nen Elitz-Wangen im Allg\u00e4u mit viel Liebe und in traditionellem Handwerk.<\/p>\n\n\n\n<p>Au\u00dferdem wird es nicht mit Luft aufgeschlagen und ist deshalb fast doppelt so ergiebig wie meist industriell hergestelltes Eis.  <\/p>\n\n\n<div class=\"wp-block-image\">\n<figure class=\"aligncenter size-full is-resized\"><img data-recalc-dims=\"1\" loading=\"lazy\" decoding=\"async\" width=\"290\" height=\"192\" src=\"https:\/\/i0.wp.com\/allgaeuer-bauernhofeis.de\/wp-content\/uploads\/2023\/10\/cc8088ab-7210-4431-b8aa-79410e41f8f9.jpg?resize=290%2C192&#038;ssl=1\" alt=\"\" class=\"wp-image-1003\" style=\"aspect-ratio:1.5104166666666667;width:228px;height:auto\"\/><\/figure>\n<\/div>\n\n\n<p><br \/><strong><mark style=\"background-color:rgba(0, 0, 0, 0)\" class=\"has-inline-color has-black-color\"> Unser Angebot   <\/mark><\/strong>                 <\/p>\n\n\n\n<p>Erh\u00e4ltlich ist unser Eis im 100ml Becher mit L\u00f6ffel im Deckel zum sofort genie\u00dfen, 500ml Becher, 2,5 Liter und 5 Liter Beh\u00e4lter.     <\/p>\n\n\n\n<p>Sie haben Interesse an unserem Eis und m\u00f6chten es in Ihrem Restaurant, Hotel, Cafe, Ausflugsziel, Hof- oder Dorfladen anbieten, dann rufen Sie uns an. <\/p>\n\n\n\n<p>Telefon: 0157 52456354<\/p>\n\n\n\n<p>Gerne stellen wir Ihnen unverbindlich unser Eis vor und nat\u00fcrlich bringen wir auch einige Kostproben mit.<\/p>\n\n\n\n<p>Hochzeit, Geburtstag, Jubil\u00e4um, Vereins-Veranstaltung, Firmen-, Schul- oder Kindergarten Fest?! <\/p>\n\n\n<div class=\"wp-block-image\">\n<figure class=\"aligncenter size-full\"><img data-recalc-dims=\"1\" loading=\"lazy\" decoding=\"async\" width=\"290\" height=\"192\" src=\"https:\/\/i0.wp.com\/allgaeuer-bauernhofeis.de\/wp-content\/uploads\/2023\/10\/ba5a8a49-5f28-4ce5-8450-ebb522727db3-1.jpg?resize=290%2C192&#038;ssl=1\" alt=\"\" class=\"wp-image-1057\"\/><\/figure>\n<\/div>\n\n\n<p>Wir kommen mit unserer Eistruhe auf Ihr Fest und bereichern Ihre G\u00e4ste mit unserem lecker cremigen <strong>BAUERNHOF-EIS.<\/strong><\/p>\n\n\n<div class=\"wp-block-image is-style-default\">\n<figure class=\"aligncenter size-full is-resized\"><img data-recalc-dims=\"1\" loading=\"lazy\" decoding=\"async\" width=\"290\" height=\"192\" src=\"https:\/\/i0.wp.com\/allgaeuer-bauernhofeis.de\/wp-content\/uploads\/2023\/10\/e41ea279-20c3-40df-8224-a2481848d6f8.jpg?resize=290%2C192&#038;ssl=1\" alt=\"\" class=\"wp-image-1005\" style=\"aspect-ratio:1.5104166666666667;width:287px;height:auto\"\/><\/figure>\n<\/div>\n\n\n<p><\/p>\n\n\n\n<p class=\"has-text-align-center has-large-font-size\">Lassen Sie sich von dem einzigartigen Geschmack \u00fcberzeugen. <\/p>\n\n\n\n<p class=\"has-text-align-center has-large-font-size\"><strong>ALLG\u00c4UER BAUERNHOF-EIS, weil\u2018s einfach gut ist.<\/strong><\/p>\n\n\n<div class=\"wp-block-image\">\n<figure class=\"aligncenter size-full is-resized\"><img data-recalc-dims=\"1\" loading=\"lazy\" decoding=\"async\" width=\"290\" height=\"192\" src=\"https:\/\/i0.wp.com\/allgaeuer-bauernhofeis.de\/wp-content\/uploads\/2023\/10\/ba3494b7-d0cd-4b0b-b15a-c680578c53b6-2.jpg?resize=290%2C192&#038;ssl=1\" alt=\"\" class=\"wp-image-1022\" style=\"aspect-ratio:1.5104166666666667;width:363px;height:auto\"\/><\/figure>\n<\/div>\n\n\n<p><\/p>\n\n\n\n<p><\/p>\n\n\n<\/p>\n\n\n<h2 class=\"wp-block-heading\"><\/h2>\n","protected":false},"excerpt":{"rendered":"<p>Unser selbstgemachtes Eis besteht aus -frisch gemolkener, hofeigener und genfreier Vollmilch -m\u00f6glichst regionalen Fr\u00fcchten (saisonal abh\u00e4ngig) -bio Eigelb aus dem Allg\u00e4u ohne k\u00fcnstliche Aromen, Bindemittel,&#8230;<\/p>\n<div class=\"more-link-wrapper\"><a class=\"more-link\" href=\"https:\/\/allgaeuer-bauernhofeis.de\/?page_id=470\">Weiterlesen<span class=\"screen-reader-text\">BAUERNHOF-EIS<\/span><\/a><\/div>\n","protected":false},"author":1,"featured_media":0,"parent":0,"menu_order":0,"comment_status":"closed","ping_status":"closed","template":"","meta":{"footnotes":""},"class_list":["post-470","page","type-page","status-publish","hentry","entry"],"jetpack_sharing_enabled":true,"_links":{"self":[{"href":"https:\/\/allgaeuer-bauernhofeis.de\/index.php?rest_route=\/wp\/v2\/pages\/470","targetHints":{"allow":["GET"]}}],"collection":[{"href":"https:\/\/allgaeuer-bauernhofeis.de\/index.php?rest_route=\/wp\/v2\/pages"}],"about":[{"href":"https:\/\/allgaeuer-bauernhofeis.de\/index.php?rest_route=\/wp\/v2\/types\/page"}],"author":[{"embeddable":true,"href":"https:\/\/allgaeuer-bauernhofeis.de\/index.php?rest_route=\/wp\/v2\/users\/1"}],"replies":[{"embeddable":true,"href":"https:\/\/allgaeuer-bauernhofeis.de\/index.php?rest_route=%2Fwp%2Fv2%2Fcomments&post=470"}],"version-history":[{"count":30,"href":"https:\/\/allgaeuer-bauernhofeis.de\/index.php?rest_route=\/wp\/v2\/pages\/470\/revisions"}],"predecessor-version":[{"id":1874,"href":"https:\/\/allgaeuer-bauernhofeis.de\/index.php?rest_route=\/wp\/v2\/pages\/470\/revisions\/1874"}],"wp:attachment":[{"href":"https:\/\/allgaeuer-bauernhofeis.de\/index.php?rest_route=%2Fwp%2Fv2%2Fmedia&parent=470"}],"curies":[{"name":"wp","href":"https:\/\/api.w.org\/{rel}","templated":true}]}}

<div class="wp-block-image">
<figure class="aligncenter size-full"><img data-recalc-dims="1" loading="lazy" decoding="async" width="290" height="192" src="https://i0.wp.com/allgaeuer-bauernhofeis.de/wp-content/uploads/2023/10/ff75159b-6e8c-4f86-975d-76e4a063754b-1.jpg?resize=290%2C192&#038;ssl=1" alt="" class="wp-image-1001"/></figure>
</div>


<p><strong>Unser selbstgemachtes Eis besteht aus</strong></p>



<p>-frisch gemolkener, hofeigener und genfreier Vollmilch</p>



<p>-möglichst regionalen Früchten (saisonal abhängig)</p>



<p>-bio Eigelb aus dem Allgäu </p>



<p>ohne künstliche Aromen, Bindemittel, Konservierungs- und Farbstoffe sowie sonstigem Schnickschnack. </p>



<figure class="wp-block-image size-full is-resized"><img data-recalc-dims="1" loading="lazy" decoding="async" width="290" height="192" src="https://i0.wp.com/allgaeuer-bauernhofeis.de/wp-content/uploads/2023/10/a54a375f-a999-4557-b158-8e7d23e3e358.jpg?resize=290%2C192&#038;ssl=1" alt="" class="wp-image-1002" style="aspect-ratio:1.5104166666666667;width:157px;height:auto"/></figure>



<p>Hergestellt im schönen Elitz-Wangen im Allgäu mit viel Liebe und in traditionellem Handwerk.</p>



<p>Außerdem wird es nicht mit Luft aufgeschlagen und ist deshalb fast doppelt so ergiebig wie meist industriell hergestelltes Eis.  </p>


<div class="wp-block-image">
<figure class="aligncenter size-full is-resized"><img data-recalc-dims="1" loading="lazy" decoding="async" width="290" height="192" src="https://i0.wp.com/allgaeuer-bauernhofeis.de/wp-content/uploads/2023/10/cc8088ab-7210-4431-b8aa-79410e41f8f9.jpg?resize=290%2C192&#038;ssl=1" alt="" class="wp-image-1003" style="aspect-ratio:1.5104166666666667;width:228px;height:auto"/></figure>
</div>


<p><br /><strong><mark style="background-color:rgba(0, 0, 0, 0)" class="has-inline-color has-black-color"> Unser Angebot   </mark></strong>                 </p>



<p>Erhältlich ist unser Eis im 100ml Becher mit Löffel im Deckel zum sofort genießen, 500ml Becher, 2,5 Liter und 5 Liter Behälter.     </p>



<p>Sie haben Interesse an unserem Eis und möchten es in Ihrem Restaurant, Hotel, Cafe, Ausflugsziel, Hof- oder Dorfladen anbieten, dann rufen Sie uns an. </p>



<p>Telefon: 0157 52456354</p>



<p>Gerne stellen wir Ihnen unverbindlich unser Eis vor und natürlich bringen wir auch einige Kostproben mit.</p>



<p>Hochzeit, Geburtstag, Jubiläum, Vereins-Veranstaltung, Firmen-, Schul- oder Kindergarten Fest?! </p>


<div class="wp-block-image">
<figure class="aligncenter size-full"><img data-recalc-dims="1" loading="lazy" decoding="async" width="290" height="192" src="https://i0.wp.com/allgaeuer-bauernhofeis.de/wp-content/uploads/2023/10/ba5a8a49-5f28-4ce5-8450-ebb522727db3-1.jpg?resize=290%2C192&#038;ssl=1" alt="" class="wp-image-1057"/></figure>
</div>


<p>Wir kommen mit unserer Eistruhe auf Ihr Fest und bereichern Ihre Gäste mit unserem lecker cremigen <strong>BAUERNHOF-EIS.</strong></p>


<div class="wp-block-image is-style-default">
<figure class="aligncenter size-full is-resized"><img data-recalc-dims="1" loading="lazy" decoding="async" width="290" height="192" src="https://i0.wp.com/allgaeuer-bauernhofeis.de/wp-content/uploads/2023/10/e41ea279-20c3-40df-8224-a2481848d6f8.jpg?resize=290%2C192&#038;ssl=1" alt="" class="wp-image-1005" style="aspect-ratio:1.5104166666666667;width:287px;height:auto"/></figure>
</div>


<p></p>



<p class="has-text-align-center has-large-font-size">Lassen Sie sich von dem einzigartigen Geschmack überzeugen. </p>



<p class="has-text-align-center has-large-font-size"><strong>ALLGÄUER BAUERNHOF-EIS, weil‘s einfach gut ist.</strong></p>


<div class="wp-block-image">
<figure class="aligncenter size-full is-resized"><img data-recalc-dims="1" loading="lazy" decoding="async" width="290" height="192" src="https://i0.wp.com/allgaeuer-bauernhofeis.de/wp-content/uploads/2023/10/ba3494b7-d0cd-4b0b-b15a-c680578c53b6-2.jpg?resize=290%2C192&#038;ssl=1" alt="" class="wp-image-1022" style="aspect-ratio:1.5104166666666667;width:363px;height:auto"/></figure>
</div>


<p></p>



<p></p>


</p>


<h2 class="wp-block-heading"></h2>

<p>Unser selbstgemachtes Eis besteht aus -frisch gemolkener, hofeigener und genfreier Vollmilch -möglichst regionalen Früchten (saisonal abhängig) -bio Eigelb aus dem Allgäu ohne künstliche Aromen, Bindemittel,&#8230;</p>
<div class="more-link-wrapper"><a class="more-link" href="https://allgaeuer-bauernhofeis.de/?page_id=470">Weiterlesen<span class="screen-reader-text">BAUERNHOF-EIS</span></a></div>
